highest common factor of 1443 and 11622.
39
Calculate the greatest common factor of 28 and 59066.
14
Calculate the highest common factor of 14469 and 2912.
91
What is the highest common factor of 781650 and 8910?
810
Calculate the highest common factor of 428 and 683516.
428
Calculate the greatest common divisor of 8906 and 41172.
146
Calculate the greatest common factor of 696 and 8688.
24
What is the highest common factor of 40025 and 43?
1
Calculate the greatest common divisor of 324 and 6480.
324
What is the highest common divisor of 925 and 8575?
25
Calculate the highest common factor of 33795 and 90.
45
What is the greatest common divisor of 61094 and 22?
22
What is the greatest common factor of 17743 and 11?
11
Calculate the greatest common factor of 6538 and 1302.
14
What is the greatest common factor of 1554 and 1652?
14
What is the greatest common divisor of 103621 and 565?
113
What is the highest common divisor of 1370 and 1763875?
685
What is the greatest common divisor of 1830 and 210?
30
Calculate the greatest common divisor of 4935 and 187201.
329
Calculate the greatest common factor of 98648 and 99.
11
Calculate the highest common divisor of 1160 and 12296.
232
What is the greatest common factor of 45120 and 162720?
480
What is the highest common divisor of 1317 and 12?
3
Calculate the highest common factor of 1296834 and 147.
147
Calculate the highest common divisor of 281705 and 2575.
515
What is the greatest common factor of 6963 and 825?
33
What is the greatest common factor of 7055 and 7885?
415
What is the highest common divisor of 4550 and 5642?
182
What is the highest common factor of 1381 and 16?
1
What is the greatest common factor of 159451 and 634?
317
What is the greatest common divisor of 714 and 12019?
119
Calculate the greatest common factor of 13 and 245063.
13
What is the greatest common factor of 120 and 1906440?
120
What is the greatest common divisor of 23160 and 8760?
120
What is the greatest common divisor of 42 and 226562?
14
What is the greatest common factor of 1893995 and 205?
205
What is the greatest common factor of 175440 and 304?
16
What is the greatest common divisor of 1049010 and 7664?
958
Calculate the greatest common factor of 154 and 25900.
14
Calculate the greatest common factor of 3 and 175854.
3
What is the greatest common factor of 86982 and 3344?
38
What is the greatest common factor of 58 and 7049871?
29
What is the greatest common factor of 14 and 438662?
14
Calculate the highest common factor of 162189 and 81.
27
What is the highest common factor of 1536 and 73056?
96
Calculate the highest common factor of 224407 and 18647.
643
Calculate the highest common factor of 21250 and 4375.
625
Calculate the greatest common factor of 5705 and 1199191.
1141
What is the highest common factor of 91 and 36881?
13
Calculate the greatest common divisor of 9113 and 533.
13
What is the greatest common divisor of 276 and 32108?
92
What is the highest common factor of 238 and 41531?
119
What is the highest common factor of 102320 and 80?
80
Calculate the highest common divisor of 17423 and 847.
7
Calculate the greatest common factor of 89 and 1951681.
89
Calculate the highest common divisor of 52 and 24466.
26
Calculate the greatest common factor of 230762 and 318.
106
Calculate the greatest common factor of 1580 and 574330.
790
What is the greatest common divisor of 90616 and 32?
8
Calculate the highest common divisor of 80 and 407728.
16
Calculate the greatest common factor of 8688 and 112.
16
Calculate the greatest common divisor of 27 and 78129.
9
What is the highest common factor of 29442 and 14?
14
Calculate the greatest common divisor of 85 and 4148.
17
What is the greatest common factor of 15223 and 13?
13
What is the greatest common factor of 320 and 487360?
320
What is the greatest common divisor of 10793 and 37901?
251
What is the highest common factor of 25764 and 684?
228
Calculate the highest common factor of 370905 and 75.
15
What is the greatest common factor of 789 and 7306140?
789
What is the highest common factor of 2893736 and 32?
8
Calculate the highest common divisor of 10187 and 244.
61
Calculate the greatest common factor of 32 and 3244.
4
Calculate the highest common divisor of 103576 and 308.
44
Calculate the highest common divisor of 89 and 263173.
89
Calculate the greatest common factor of 130 and 39598.
26
What is the greatest common divisor of 446228 and 2779?
397
Calculate the highest common divisor of 34236 and 864.
108
What is the greatest common divisor of 11355 and 255?
15
What is the greatest common divisor of 3800 and 2100?
100
What is the highest common divisor of 60 and 328884?
12
What is the highest common divisor of 48 and 36496?
16
What is the greatest common divisor of 153990 and 3741?
87
Calculate the greatest common divisor of 209426 and 245.
49
Calculate the greatest common factor of 8 and 34964.
4
Calculate the highest common divisor of 2315 and 161587.
463
What is the highest common divisor of 218750 and 140?
70
Calculate the greatest common factor of 48 and 51712.
16
Calculate the greatest common divisor of 40232 and 376.
376
What is the highest common factor of 20 and 260740?
20
Calculate the greatest common factor of 1325 and 6784.
53
What is the highest common factor of 10560 and 680?
40
What is the highest common factor of 331 and 216143?
331
Calculate the highest common factor of 2182666 and 1076.
538
Calculate the highest common factor of 207 and 1848303.
207
What is the highest common factor of 13 and 1796041?
13
What is the highest common divisor of 361359 and 9?
9
Calculate the highest common divisor of 189 and 4963329.
189
Calculate the highest common divisor of 62405 and 245.
35
Calculate the highest common divisor of 85 and 182155.
85
Calculate the greatest common factor of 10095 and 135.
15
What is the highest common divisor of 110 and 41228?
22
Calculate the greatest common divisor of 9423 and 105398.
349
What is the greatest common divisor of 2869064 and 8?
8
What is the greatest common divisor of 19434 and 104754?
474
What is the greatest common factor of 7448 and 3040?
152
What is the highest common factor of 141122 and 15489?
1721
What is the highest common factor of 134095 and 520?
65
Calculate the greatest common factor of 63 and 13743.
9
Calculate the highest common divisor of 65226 and 378.
42
Calculate the greatest common factor of 1216 and 97128.
152
Calculate the greatest common divisor of 98 and 469.
7
Calculate the highest common divisor of 4752 and 661584.
528
What is the highest common divisor of 611 and 66898?
13
What is the highest common factor of 7601550 and 850?
850
What is the greatest common factor of 1425 and 74860?
95
What is the greatest common factor of 32164 and 19178?
86
Calculate the greatest common factor of 151640 and 80.
40
Calculate the greatest common divisor of 1219361 and 715.
143
What is the highest common factor of 218 and 278713?
109
Calculate the greatest common divisor of 10698 and 24.
6
Calculate the highest common factor of 2614951 and 2404.
601
What is the greatest common factor of 132 and 2287263?
33
What is the greatest common factor of 654066 and 112?
14
Calculate the highest common factor of 27816 and 19.
19
What is the highest common factor of 29952 and 520?
104
Calculate the greatest common factor of 547 and 3163.
1
What is the greatest common divisor of 1360 and 5678?
34
Calculate the greatest common factor of 34463 and 3718.
143
What is the highest common divisor of 91441 and 7?
7
Calculate the greatest common factor of 10808 and 1792.
56
What is the highest common factor of 1107 and 29643?
123
What is the highest common factor of 12463 and 5687?
121
What is the highest common factor of 15 and 2265?
15
What is the greatest common divisor of 999396 and 4896?
612
What is the highest common factor of 101 and 12076873?
101
What is the greatest common factor of 75 and 99027?
3
What is the highest common divisor of 195 and 2565?
15
Calculate the highest common factor of 11396 and 403004.
1036
What is the greatest common divisor of 611 and 150670?
13
What is the highest common factor of 45 and 596235?
15
Calculate the greatest common divisor of 152 and 56776.
8
What is the highest common fac